0426.
2, 11, 17, 83, 653
List the prime factors of 2659470.
2, 3, 5, 11, 8059
List the prime factors of 42453213.
3, 11, 107, 1093
List the prime factors of 179392.
2, 2803
List the prime factors of 399772.
2, 17, 5879
List the prime factors of 63140.
2, 5, 7, 11, 41
List the prime factors of 147744.
2, 3, 19
What are the prime factors of 160332?
2, 3, 31, 431
List the prime factors of 6866537.
317, 21661
List the prime factors of 247128.
2, 3, 7, 1471
What are the prime factors of 8136736?
2, 89, 2857
List the prime factors of 17230523.
3469, 4967
List the prime factors of 847893.
3, 137, 2063
What are the prime factors of 520375?
5, 23, 181
What are the prime factors of 7124673?
3, 373, 6367
What are the prime factors of 16039548?
2, 3, 7, 63649
What are the prime factors of 506795?
5, 101359
List the prime factors of 9242013.
3, 11, 280061
List the prime factors of 6338458.
2, 7, 43, 10529
What are the prime factors of 2614133?
2614133
What are the prime factors of 279852?
2, 3, 23321
What are the prime factors of 15675198?
2, 3, 7, 11, 37, 131
What are the prime factors of 579392?
2, 11, 823
List the prime factors of 11860140.
2, 3, 5, 89, 2221
List the prime factors of 3265600.
2, 5, 13, 157
What are the prime factors of 22526?
2, 7, 1609
List the prime factors of 218494.
2, 107, 1021
List the prime factors of 13531443.
3, 4510481
What are the prime factors of 1313947?
17, 77291
List the prime factors of 2558508.
2, 3, 213209
What are the prime factors of 3807533?
3807533
List the prime factors of 452025.
3, 5, 7, 41
What are the prime factors of 1391444?
2, 167, 2083
What are the prime factors of 4278142?
2, 11, 139, 1399
What are the prime factors of 10586808?
2, 3, 23, 2131
What are the prime factors of 5491494?
2, 3, 19, 16057
List the prime factors of 7239664.
2, 23, 103, 191
List the prime factors of 85770.
2, 3, 5, 953
What are the prime factors of 1393590?
2, 3, 5, 11, 41, 103
What are the prime factors of 294742?
2, 7, 37, 569
What are the prime factors of 84325?
5, 3373
What are the prime factors of 423470?
2, 5, 17, 47, 53
List the prime factors of 206391.
3, 89, 773
List the prime factors of 1818506.
2, 909253
List the prime factors of 2113057.
53, 39869
List the prime factors of 202492.
2, 23, 31, 71
What are the prime factors of 568329?
3, 389, 487
What are the prime factors of 70485?
3, 5, 37, 127
List the prime factors of 856997.
67, 12791
List the prime factors of 2048958.
2, 3, 89, 1279
What are the prime factors of 489785?
5, 23, 4259
What are the prime factors of 79170?
2, 3, 5, 7, 13, 29
List the prime factors of 33239776.
2, 271, 3833
What are the prime factors of 148276?
2, 19, 1951
List the prime factors of 1070067.
3, 103, 3463
List the prime factors of 21223117.
41, 517637
What are the prime factors of 265273?
265273
List the prime factors of 503108.
2, 125777
List the prime factors of 4781341.
4781341
What are the prime factors of 1742838?
2, 3, 290473
What are the prime factors of 19705933?
13, 1515841
List the prime factors of 1032876.
2, 3, 13, 2207
List the prime factors of 823719.
3, 13, 21121
List the prime factors of 923943.
3, 131, 2351
List the prime factors of 1602775.
5, 61, 1051
What are the prime factors of 72823?
72823
What are the prime factors of 40275?
3, 5, 179
List the prime factors of 67823.
7, 9689
List the prime factors of 10360334.
2, 43, 53, 2273
List the prime factors of 8764851.
3, 2921617
List the prime factors of 1662248.
2, 7, 29683
What are the prime factors of 2050575?
3, 5, 19, 1439
List the prime factors of 193896.
2, 3, 2693
List the prime factors of 567714.
2, 3, 7, 1931
List the prime factors of 452648.
2, 7, 59, 137
What are the prime factors of 13596776?
2, 1699597
List the prime factors of 3840131.
1489, 2579
What are the prime factors of 231960?
2, 3, 5, 1933
List the prime factors of 42205494.
2, 3, 7034249
List the prime factors of 228375.
3, 5, 7, 29
List the prime factors of 4235469.
3, 7, 139, 1451
What are the prime factors of 555302?
2, 11, 43, 587
What are the prime factors of 348430?
2, 5, 34843
What are the prime factors of 2203096?
2, 7, 39341
List the prime factors of 2907592.
2, 71, 5119
What are the prime factors of 132015?
3, 5, 13, 677
List the prime factors of 31121704.
2, 151, 25763
List the prime factors of 1064157.
3, 37, 9587
List the prime factors of 1558348.
2, 11, 107, 331
List the prime factors of 7735894.
2, 3867947
List the prime factors of 23936.
2, 11, 17
List the prime factors of 89921.
13, 6917
What are the prime factors of 25838273?
25838273
List the prime factors of 12613.
12613
What are the prime factors of 9351673?
97, 229, 421
What are the prime factors of 402479?
7, 11, 5227
What are the prime factors of 1095732?
2, 3, 11, 2767
List the prime factors of 13121066.
2, 7, 41, 22859
What are the prime factors of 1378217?
1378217
What are the prime factors of 199834?
2, 41, 2437
What are the prime factors of 721100?
2, 5, 7211
List the prime factors of 43839156.
2, 3, 19, 47, 4091
List the prime factors of 2210098.
2, 11, 100459
What are the prime factors of 32021342?
2, 599, 26729
What are the prime factors of 7405304?
2, 925663
List the prime factors of 9143260.
2, 5, 7, 65309
List the prime factors of 174918.
2, 3, 29153
List the prime factors of 4255766.
2, 2127883
What are the prime factors of 1870039?
107, 17477
List the prime factors of 1667650.
2, 5, 33353
List the prime factors of 682280.
2, 5, 37, 461
List the prime factors of 1466498.
2, 11, 191, 349
What are the prime factors of 1011180?
2, 3, 5, 19, 887
What are the prime factors of 894652?
2, 11, 20333
List the prime factors of 77815.
5, 79, 197
What are the prime factors of 14199490?
2, 5, 37, 38377
List the prime factors of 5540209.
317, 17477
List the prime factors of 2512270.
2, 5, 29, 8663
List the prime factors of 575666.
2, 7, 13, 3163
List the prime factors of 553711.
43, 79, 163
What are the prime factors of 610151?
181, 3371
What are the prime factors of 4139762?
2, 11, 188171
What are the prime factors of 46538?
2, 23269
What are the prime factors of 920037?
3, 19, 16141
List the prime factors of 1096448.
2, 4283
List the prime factors of 4535240.
2, 5, 113381
What are the prime factors of 2867374?
2, 547, 2621
List the prime factors of 1517065.
5, 11, 27583
What are the prime factors of 4672041?
3, 11, 31, 4567
What are the prime factors of 29137254?
2, 3, 79, 61471
List the prime factors of 1484530.
2, 5, 53, 2801
List the prime factors of 277832.
2, 34729
What are the prime factors of 3079313?
167, 18439
What are the prime factors of 366864?
2, 3, 7643
What are the prime factors of 29595?
3, 5, 1973
What are the prime factors of 5321916?
2, 3, 49277
What are the prime factors of 7581892?
2, 37, 51229
What are the prime factors of 2525211?
3, 13, 113, 191
List the prime factors of 4096716.
2, 3, 13, 26261
What are the prime factors of 222872?
2, 13, 2143
What are the prime factors of 1118115?
3, 5, 24847
List the prime factors of 98045.
5, 19609
What are the prime factors of 15600211?
11, 1418201
List the prime factors of 468535.
5, 83, 1129
List the prime factors of 3767390.
2, 5, 11, 29, 1181
What are the prime factors of 405336?
2, 3, 16889
List the prime factors of 159854.
2, 257, 311
What are the prime factors of 230866?
2, 89, 1297
List the prime factors of 4394438.
2, 59, 167, 223
What are the prime factors of 890422?
2, 13, 23, 1489
What are the prime factors of 78665?
5, 15733
What are the prime factors of 4581491?
151, 30341
What are the prime factors of 299545?
5, 139, 431
What are the prime factors of 462451?
11, 17, 2473
List the prime factors of 358894.
2, 311, 577
List the prime factors of 2035632.
2, 3, 42409
What are the prime factors of 257889?
3, 31, 47, 59
List the prime factors of 2177055.
3, 5, 101, 479
What are the prime factors of 11936682?
2, 3, 663149
What are the prime factors of 1898923?
13, 43, 79
List the prime factors of 2708518.
2, 1049, 1291
What are the prime factors of 98204?
2, 24551
What are the prime factors of 7177964?
2, 29, 61879
List the prime factors of 226030.
2, 5, 7, 3229
List the prime factors of 8346473.
17, 490969
List the prime factors of 317260.
2, 5, 29, 547
What are the prime factors of 1763562?
2, 3, 173, 1